 the highest common factor of 3650 and 100.
50
Calculate the greatest common factor of 7 and 63.
7
What is the greatest common divisor of 71 and 1917?
71
What is the greatest common factor of 10880 and 476?
68
Calculate the highest common divisor of 81 and 4167.
9
What is the highest common divisor of 372 and 36?
12
Calculate the highest common divisor of 2079 and 567.
189
What is the greatest common factor of 1690 and 2470?
130
Calculate the highest common divisor of 104 and 6266.
26
What is the greatest common factor of 441 and 198?
9
Calculate the highest common divisor of 760 and 280.
40
What is the highest common factor of 21 and 75?
3
Calculate the greatest common factor of 81 and 513.
27
What is the greatest common divisor of 150 and 20?
10
Calculate the highest common factor of 50 and 230.
10
What is the greatest common factor of 44 and 184?
4
What is the highest common divisor of 1353 and 369?
123
Calculate the greatest common divisor of 32 and 1504.
32
Calculate the greatest common factor of 24 and 600.
24
What is the highest common factor of 10 and 108940?
10
What is the highest common factor of 12 and 3?
3
Calculate the highest common factor of 9223 and 69.
23
What is the highest common factor of 88 and 1188?
44
Calculate the highest common factor of 75 and 325.
25
Calculate the highest common divisor of 24 and 408.
24
What is the greatest common factor of 390 and 210?
30
Calculate the highest common divisor of 98 and 210.
14
What is the highest common factor of 1905 and 165?
15
Calculate the greatest common divisor of 42 and 48.
6
Calculate the greatest common divisor of 1040 and 130.
130
Calculate the greatest common divisor of 1131 and 273.
39
What is the highest common factor of 14 and 518?
14
What is the highest common factor of 54 and 81?
27
Calculate the greatest common divisor of 45 and 11520.
45
What is the highest common divisor of 18 and 8?
2
Calculate the highest common divisor of 52 and 8.
4
Calculate the greatest common divisor of 32 and 392.
8
Calculate the highest common factor of 1 and 3.
1
Calculate the highest common divisor of 126 and 147.
21
What is the highest common divisor of 75 and 156?
3
Calculate the greatest common divisor of 29 and 25607.
29
Calculate the greatest common factor of 42 and 350.
14
Calculate the highest common divisor of 309 and 12.
3
What is the greatest common divisor of 5 and 34?
1
What is the highest common factor of 116 and 8?
4
Calculate the greatest common factor of 483 and 63.
21
What is the highest common factor of 4332 and 152?
76
What is the greatest common divisor of 98 and 1337?
7
Calculate the highest common divisor of 16 and 144.
16
Calculate the highest common factor of 494 and 104.
26
What is the greatest common factor of 5239 and 169?
169
Calculate the highest common divisor of 11 and 1441.
11
Calculate the highest common divisor of 25370 and 118.
118
Calculate the greatest common divisor of 40489 and 19.
19
Calculate the highest common factor of 336 and 4344.
24
What is the greatest common factor of 6976 and 1853?
109
Calculate the highest common divisor of 88 and 88.
88
Calculate the highest common factor of 8 and 7048.
8
What is the highest common factor of 254 and 38?
2
Calculate the highest common divisor of 2198 and 28.
14
What is the highest common factor of 17 and 42296?
17
What is the greatest common factor of 280 and 602?
14
What is the greatest common divisor of 10824 and 198?
66
Calculate the greatest common factor of 1408 and 1012.
44
What is the greatest common divisor of 45 and 5?
5
What is the greatest common divisor of 343 and 539?
49
Calculate the greatest common factor of 112 and 140.
28
Calculate the greatest common divisor of 2016 and 140.
28
What is the highest common factor of 3 and 9?
3
Calculate the highest common factor of 129 and 86.
43
What is the highest common divisor of 5 and 355?
5
Calculate the highest common factor of 72 and 1224.
72
Calculate the highest common divisor of 1107 and 243.
27
What is the greatest common divisor of 35 and 725?
5
What is the highest common divisor of 60 and 9420?
60
Calculate the greatest common factor of 246 and 24764.
82
What is the highest common factor of 29784 and 102?
102
What is the highest common factor of 455 and 70?
35
What is the highest common factor of 1161 and 129?
129
What is the highest common divisor of 41123 and 82?
41
What is the greatest common factor of 803 and 55?
11
Calculate the highest common factor of 1769 and 116.
29
Calculate the highest common factor of 3756 and 3.
3
Calculate the highest common divisor of 6 and 1077.
3
What is the highest common factor of 200 and 100?
100
What is the highest common divisor of 71 and 2982?
71
What is the highest common divisor of 2527 and 532?
133
What is the greatest common factor of 429 and 165?
33
Calculate the greatest common divisor of 56512 and 128.
64
What is the greatest common divisor of 20 and 370?
10
What is the greatest common divisor of 1 and 229?
1
What is the highest common divisor of 17265 and 15?
15
Calculate the highest common factor of 300 and 4560.
60
Calculate the greatest common factor of 610 and 20.
10
Calculate the greatest common factor of 57 and 779.
19
What is the greatest common factor of 48 and 2316?
12
What is the highest common factor of 192 and 3152?
16
What is the highest common factor of 1748 and 460?
92
What is the greatest common divisor of 828 and 483?
69
Calculate the highest common divisor of 234 and 90.
18
What is the highest common factor of 146 and 73?
73
What is the greatest common factor of 3344 and 4?
4
Calculate the greatest common divisor of 1075 and 86.
43
Calculate the greatest common divisor of 220 and 165.
55
Calculate the greatest common factor of 42 and 6.
6
Calculate the highest common divisor of 649 and 236.
59
Calculate the greatest common factor of 108 and 90.
18
What is the greatest common factor of 105 and 1533?
21
What is the highest common divisor of 274 and 22?
2
What is the greatest common divisor of 4574 and 2?
2
What is the highest common factor of 2 and 46?
2
Calculate the highest common factor of 1118 and 26.
26
What is the greatest common divisor of 240 and 3440?
80
What is the greatest common divisor of 27 and 24?
3
What is the highest common factor of 10 and 1070?
10
What is the greatest common factor of 70 and 21770?
70
What is the greatest common divisor of 242 and 6050?
242
Calculate the highest common divisor of 2795 and 260.
65
Calculate the greatest common factor of 15 and 2360.
5
What is the highest common divisor of 783 and 29?
29
What is the greatest common divisor of 35 and 455?
35
Calculate the highest common factor of 793 and 26.
13
Calculate the highest common divisor of 590 and 20.
10
Calculate the greatest common factor of 29970 and 15.
15
Calculate the highest common factor of 392 and 952.
56
Calculate the highest common factor of 665 and 1615.
95
What is the greatest common divisor of 220 and 495?
55
What is the greatest common factor of 16 and 368?
16
What is the highest common divisor of 36 and 153?
9
What is the highest common factor of 611 and 188?
47
What is the highest common factor of 210 and 35910?
210
What is the highest common divisor of 9 and 1?
1
What is the greatest common divisor of 7490 and 140?
70
What is the highest common divisor of 9 and 7?
1
What is the greatest common divisor of 15 and 17185?
5
What is the highest common divisor of 172 and 989?
43
Calculate the highest common factor of 5 and 9760.
5
Calculate the greatest common factor of 3 and 381.
3
What is the greatest common divisor of 15 and 65?
5
Calculate the greatest common divisor of 100 and 250.
50
What is the highest common divisor of 140 and 80?
20
Calculate the greatest common factor of 20 and 12.
4
What is the highest common divisor of 725 and 50?
25
What is the greatest common divisor of 64 and 24?
8
What is the highest common factor of 90 and 405?
45
What is the highest common factor of 10 and 11090?
10
Calculate the highest common factor of 752 and 184.
8
Calculate the greatest common divisor of 4609 and 11.
11
What is the highest common factor of 110 and 638?
22
Calculate the greatest common divisor of 252 and 315.
63
What is the greatest common divisor of 8 and 252?
4
